 -2*c. What is the thousands digit of o?
1
Let v be 2 + 0 - (17 - 21). Let b(g) = g + 1. Let i(d) = -9*d + 6. Let o(c) = 3*b(c) - 3*i(c). What is the units digit of o(v)?
5
Let z = 3055 + -1197. What is the thousands digit of z?
1
Let f = -112 + 130. Let d be -1*(5 + f) + 3/1. Let u = 80 + d. What is the tens digit of u?
6
Suppose -7007 = 5*i - m, 0 = -4*i + 3*m - m - 5602. Let j be (-8)/(-40) + i/10. Let l = j - -217. What is the units digit of l?
7
Let k(c) = 2*c**3 - 7*c**2 - 8*c + 29. Let u be k(6). Suppose 165*x = u*x + 3832. What is the hundreds digit of x?
9
Let k = 31 + -41. Let m be 6/(((-3)/10)/(2/k)). Suppose -m*v = -a - 419, v - 2*v = a - 111. What is the hundreds digit of v?
1
What is the ten thousands digit of 12/(-42) - 60246/28*34/(-3)?
2
Let i(m) = 4*m**3 + 6*m**2 - 11*m - 12. Let q be i(10). Suppose 3596 = 4*p - n, q = 5*p - n + 4*n. What is the units digit of p?
8
Let n = 4066 + -512. What is the units digit of n?
4
Let i = -433 - -433. Let s(j) = j**3 - 2*j**2 - j + 511. What is the units digit of s(i)?
1
Suppose 0 = -2*l + 6, -4*v - 7*l + 85509 = -4*l. What is the hundreds digit of v?
3
Suppose -170*x - 40*x + 3017280 = 0. What is the tens digit of x?
6
Let r be 30/(-5) + 75/15. Let x(z) = 162*z - 3. Let o(q) = q - 1. Let w(v) = 9*o(v) - x(v). What is the units digit of w(r)?
7
Let k be 1 + 92 - 4/(-4). Let u be -4*(3 - 18/8). What is the tens digit of k - ((-1 - u) + -3)?
9
Let d be -626*((-72)/(-16))/(-1 - 2). Let h = -481 + d. What is the tens digit of h?
5
Let d(s) = -415*s**3 - 2*s**2 + 10*s + 25. What is the thousands digit of d(-3)?
1
Let w = 207 + -122. Let c = w - 84. What is the hundreds digit of (c + 387/6)*2?
1
Suppose -4*s = -0*s - 3968. Suppose s = -39*n + 43*n. Let w = n + -159. What is the units digit of w?
9
Let g = 1400 + -714. Let m = 1258 - g. What is the units digit of m?
2
Let m = 10916 + -6228. What is the hundreds digit of m?
6
Suppose 6*d = 3426 + 582. Suppose -11*o - 85 = -d. What is the tens digit of o?
5
Let w be (-8)/(-6)*3864/224. Suppose 0 = -w*d + 2*d + 21357. What is the tens digit of d?
1
Let i(h) = 103*h**2 + 9*h - 73. What is the tens digit of i(9)?
5
Let i be (0 + 282)*(-2)/(-3). Suppose -30*f + 31*f = 2*r + 20, -5*f + r = -91. What is the tens digit of i/3*f/12?
9
Suppose 7*g - 2*g = 75. Let f(n) = -20*n - 7. Let v(s) = -7*s - 2. Let w(a) = -6*f(a) + 17*v(a). What is the units digit of w(g)?
3
Suppose 0 = -104*h - 606823 + 2877455. What is the units digit of h?
3
Let r(m) = 112*m**2 + 227*m + 7. What is the tens digit of r(8)?
9
Let a(y) = -2681*y - 378. What is the hundreds digit of a(-4)?
3
Let v be ((-8)/(-10))/(4/20). Suppose 4*n - 5322 = -2*g, -13*n = -11*n + v*g - 2664. What is the units digit of n?
0
Let q be (-4)/34 + 53/17. Suppose g - 6 = -q. Suppose c - p - 30 = 49, 0 = -p - g. What is the units digit of c?
6
Let o be -4 - (-4 + 14)/(-5). Let p = -2 - o. Suppose 0 = -z - z + q + 91, 4*z - 4*q - 188 = p. What is the tens digit of z?
4
Let s = 6188 + -1735. What is the tens digit of s?
5
Let z(m) = 13525*m**2 - 114*m - 115. What is the ten thousands digit of z(-1)?
1
Let s(i) be the third derivative of -i**6/120 + 9*i**5/20 - 17*i**4/24 + 89*i**3/6 - 5*i**2 + 7. What is the units digit of s(26)?
3
Let f(y) = -y**3 + 52*y**2 - 18*y - 122. What is the thousands digit of f(50)?
3
Suppose 0*y - 183 = y - 5*q, 0 = 4*y - 5*q + 657. Suppose j - x = 273, j + 566 = 3*j + 3*x. Let u = y + j. What is the units digit of u?
9
Let l be ((-2)/(-4)*-2)/((-6)/42). Suppose 0 = -l*w + 1018 + 1817. What is the tens digit of w?
0
Let x(b) = -21*b - 1. Let d be x(-7). Let t be d/12 - 4/24. Let g = 15 + t. What is the units digit of g?
7
Let k(t) = 8*t + 6. Let c be k(-1). What is the hundreds digit of (-632)/(c/1) + 11/11?
3
What is the units digit of (-8)/(-40) - 1432*234/(-60)?
5
Suppose 67924 - 8774 = 26*y. What is the hundreds digit of y?
2
Let n = 6818 - 6816. Suppose 37 = 2*t + 3*v, 2*t - 2*v = -16 + 58. What is the units digit of (n + t/(-6))*-69?
2
Suppose 847 = -60*f + 67*f. Let y = 159 - f. What is the units digit of y?
8
Let b(c) = -c**3 - 34*c**2 + 196*c + 7. Let o be b(-39). Let h(s) = -15*s - 67. What is the tens digit of h(o)?
1
Suppose g + 5*g = -372. Let s be g + (-1 - (-1 + 2)). What is the units digit of (48/s)/((-2)/8)?
3
What is the thousands digit of 9/2*172520/114?
6
Let j(b) = b**3 - 76*b**2 + 2124*b - 62. What is the tens digit of j(44)?
4
Suppose 290*k - 6907169 + 3704479 - 5547480 = 0. What is the ten thousands digit of k?
3
Suppose 3*d - 47116 = -3*v + 37367, 2*v - 56325 = -d. What is the units digit of v?
4
Let i(o) = 2*o**2 + 52. Let x be i(31). Suppose 17*a - x = 11*a. What is the units digit of a?
9
Let x = 106 - 104. Suppose 2*i - 2*c = -x*i + 1108, 0 = -2*c - 8. What is the hundreds digit of i?
2
Suppose 424 - 82 = -19*g. What is the tens digit of g/(-4)*52 - -5 - -3?
4
Let s(u) = -59*u + 1. Let q be s(1). Suppose -5*i = 2*b - 135, 5*i + 27 = -3*b + 232. Let r = b + q. What is the units digit of r?
2
Let o be 38 + (4/(-4) - 2). Let p be (-29)/(-7) + (-5)/o. What is the tens digit of 93/(1/(-3) - p/(-3))?
9
Let p(i) = -2*i**2 + 11*i + 70. Let y be p(9). Suppose 4228 = y*x + 616. What is the units digit of x?
6
Let d(f) = -20 - 22 - 8*f + 39. Let y be d(-1). What is the tens digit of -2 - (y - 2)*-36?
0
Suppose -10 = -5*g - 0*g. Suppose -r - 3*s + 51 = -7*s, 0 = -3*r - 2*s + 111. What is the hundreds digit of 8827/r - g/6?
2
Let q = 201 + -195. Suppose 3400 = q*n + 862. What is the tens digit of n?
2
Let x(z) = -z**2 + 50*z - 380. Let o be x(37). Suppose -93*a - 3224 = -o*a. What is the units digit of a?
3
Suppose -206*m + 2826894 = -164*m. What is the ten thousands digit of m?
6
Suppose 4*w - 106 = -4*d + 334, -431 = -4*w - d. Let m = 101 + w. Suppose 0*z = -5*z + i + 259, 4*z - i - m = 0. What is the tens digit of z?
5
Let t(x) = 982*x**2 + 11*x - 190. What is the thousands digit of t(5)?
4
Let a be (-7 - 4508/20) + (-2)/(-5). Let v = a - -552. What is the hundreds digit of v?
3
Let l be (-2)/(-10) + ((-1329)/(-5) - -1). Let x = 78 + l. What is the units digit of x?
5
Let n be (-6879)/(-45) - 20/(-150). Let r = 188 + n. What is the hundreds digit of r?
3
Let s(u) = 1149*u - 1839. What is the ten thousands digit of s(43)?
4
Suppose 5*g = 5*x - 30073 + 198548, 0 = -3*g + x + 101069. What is the hundreds digit of g?
6
Suppose 46*c - 47*c + 2 = 0. Let a be (12/8 - c) + (-4527)/(-6). Suppose -5*r + a - 179 = 0. What is the hundreds digit of r?
1
Suppose 113*h - 115*h - 27942 = -4*x, 2*x - 4*h - 13968 = 0. What is the tens digit of x?
8
What is the thousands digit of 30/15 + -15 - -6600?
6
Let l(y) = 3520*y - 4822. What is the hundreds digit of l(13)?
9
Suppose -19894 = 7*c - 132790. What is the units digit of c?
8
Suppose 419*x + 96*x = -33304 + 638944. What is the thousands digit of x?
1
Let s(h) = 2*h + h**2 + 6*h + 2 - 7*h. Let q be s(0). Suppose -t + 41 = -q*c, 7*c - 2*c = 3*t - 123. What is the tens digit of t?
4
Suppose 8*m = 10*m + 2*q - 13746, 4*m = q + 27497. What is the thousands digit of m?
6
Let o be 95/38*2*1. Suppose 0 = 5*s + v - o*v - 1607, -3*v + 1298 = 4*s. What is the hundreds digit of s?
3
Let t(a) = 13*a**2 - 57*a - 9. What is the hundreds digit of t(21)?
5
Let o = -6 + 3. Let x be (9/2)/((-5)/(-20)*o). What is the tens digit of (-3)/(x/61)*(-24)/(-12)?
6
Suppose -4*g - b + 4 = 0, -4*b + 9 = 5*g - 7. Suppose -3*n = 9, -4*q + g*q = 5*n - 529. Let z = 214 - q. What is the units digit of z?
8
Let s = 17441 + -15558. What is the hundreds digit of s?
8
Let x = -10 + 88. Let o = -50 + x. What is the tens digit of 164/10 + -1 - o/70?
1
Suppose 330798 = 4*i - p, -492*i + 494*i - 165414 = -2*p. What is the tens digit of i?
0
Suppose -296261 = -76*t + 29*t + 23668. What is the thousands digit of t?
6
Let u(r) = -3*r**2 + 19*r - 3. Let t be u(-11). Let o = -315 - t. What is the tens digit of o?
6
Let h(q) = 5*q - 3*q**2 - 19*q**2 + 16*q**2 + 6*q**3 + 4. What is the units digit of h(4)?
2
Suppose -4*r + 12 + 6 = -3*a, 6 = 2*r. Let h(y) = -25*y**3 - 7*y**2 - 14*y - 1. What is the units digit of h(a)?
9
Suppose 0 = 2*z + 12, -3618 = -5*r - 5*z + 3*z. What is the units digit of r?
6
Let d = -60 - -69. Suppose 10*z + d*z = 3420. What is the tens digit of z?
8
